emainder when (509 + 0 - -7)/((-18)/(-24)) is divided by s?
52
Suppose -23*q + 4162 + 6970 = 0. What is the remainder when q is divided by 121?
0
Let x = -678 + 683. Calculate the remainder when 357 is divided by x + -3 + 8*6 + -5.
42
Suppose 3*k - 568 = -562. Suppose -83 - 59 = -k*j. Calculate the remainder when j is divided by 25.
21
Suppose 276 + 830 = -109*b + 123*b. Calculate the remainder when 866 is divided by b.
76
Suppose 4*v + 268 = 54*k - 49*k, -k + 4*v + 60 = 0. Calculate the remainder when 15807 is divided by k.
51
Let p(r) = 2*r**2 + 5*r + 1. Let b be p(-5). Let k = b + -17. Suppose -4*g = 3*w - 84, 2*w - 5*g = -0*g + 79. What is the remainder when w is divided by k?
5
What is the remainder when -338*(-17 + (-297)/(-22)) is divided by 22?
17
Let g = 1 + -49. Let w be (6/8)/((-18)/g). Calculate the remainder when 110 is divided by (-196)/(-24) - w/12.
6
Let z = -4434 - -5872. Calculate the remainder when z is divided by 242.
228
Let o be (-3 - -1)*138/(-12). Suppose 7*h + o*h = 1380. Calculate the remainder when 181 is divided by h.
43
Let i = -7023 - -7066. What is the remainder when 1322 is divided by i?
32
Let y(b) = 2*b**3 - 3*b**2 - 5*b - 12. Let m be y(5). Suppose -m = -4*k + 22. Calculate the remainder when k is divided by 7.
5
Let r = 8 + -5. Suppose 0 = 3*i + 5*u + r - 2, -2*i - 4*u = 0. What is the remainder when 119 is divided by -60*i/(-8)*(-2 + 0)?
29
Let r(j) = -14*j - 58. Let k be r(-10). Let t = 101 - k. What is the remainder when 85 is divided by t?
9
Let c(g) = 1334*g. Let j be c(1). Suppose -30*y + y = -j. Let k(l) = -l**2 + 7*l + 2. Calculate the remainder when y is divided by k(6).
6
Let v be 4/(-14) + 256/14. Let p = 2 + v. Suppose 21*h + 5*w = 16*h + 215, -8*w = -5*h + 137. What is the remainder when h is divided by p?
17
Let b(c) = -2*c**2 - 40*c + 16. Let v be (-35)/140 - 79/4. Calculate the remainder when 22 is divided by b(v).
6
Calculate the remainder when 1216 is divided by (-1496)/102*3/(-4) - -197.
176
Suppose 37*h = 15*h + 11374. Let d = h + -277. What is the remainder when d is divided by 49?
44
Let v(c) = 6*c - 10. Let f be v(9). Let w = f - 40. Suppose w*m + 315 = 7*m. What is the remainder when m is divided by 27?
24
Let s(d) = -d**3 - 109*d**2 + 13539*d - 485. Let c = 29 - 12. What is the remainder when s(-183) is divided by c?
13
Let g = -601 - -715. What is the remainder when 895 is divided by g?
97
Calculate the remainder when 134 + (0 - -4)/(-2) is divided by (54/15)/((-9)/(-1800)*16).
42
Calculate the remainder when 1796 is divided by ((268/10)/1)/((-58)/(-435)).
188
What is the remainder when 6/(-10) + 289416/310 is divided by 11?
9
Let w be (2 - -79)/((-27)/(-54)). Let a = w - 133. What is the remainder when 109 is divided by a?
22
Let c(a) = a**3 + 30*a**2 + 38*a + 1565. What is the remainder when c(-30) is divided by 3?
2
Suppose -33*c = h - 31*c + 666, 5*h = -c - 3303. Let q = -653 - h. What is the remainder when q is divided by 3/((-1)/8*-6)?
3
Suppose 196*x - x + 9929 = 61799. Calculate the remainder when 808 is divided by x.
10
Calculate the remainder when 1020 is divided by (21 - 440/66)/((-1)/(-12)).
160
Let o = -223 + 362. Suppose r - o = -u - 0*u, 0 = -3*u - r + 407. Let b = u + -95. Calculate the remainder when 114 is divided by b.
36
Suppose 6*b + 6*k = 5*k + 4614, b - 782 = 2*k. Calculate the remainder when b is divided by 761.
9
Suppose 0 = 2*f - 13 - 9. Let r(a) = a**3 - 8*a**2 + 5*a - 10. Let q be r(7). What is the remainder when q/((-68)/(-16) - 5) is divided by f?
10
Suppose i + 25 = 4*o, 3*i - 26 = -5*o + 1. Suppose -3*n + 185 = -s, o*n - s + 303 = 11*n. What is the remainder when n is divided by 25?
11
Suppose -110 = 3*a - 5*a - 4*b, -2*a + 3*b = -145. Let l = 101683 - 101671. What is the remainder when a is divided by l?
5
Suppose -g + 2*a - 53 = -0*g - 155, 4*a = 0. Calculate the remainder when 611 is divided by g.
101
Let v be (10 - 5)/(4/76). Suppose 4*x + 4*a = 49 + v, -5*a = 4*x - 146. What is the remainder when 99 is divided by x?
31
Suppose -631 = -4*t + 3*l, -t + 4*l + 174 = -0*l. Let x = 27 - 6. Suppose 2*q + 3*u - 71 = x, 4 = -u. What is the remainder when t is divided by q?
50
Let b = 137 + -81. Calculate the remainder when b is divided by (36/(-20 - -56))/(0 - (-1)/35).
21
Suppose 0 = -2*c + 39 + 13. Let g(o) = o**2 - 2*o - 1. Calculate the remainder when c is divided by g(-2).
5
Suppose -39 = 7*m - 10*m. Let f = 16 - m. Suppose 3*g - 18 = 3*w, -3 = -g + 6*w - 8*w. Calculate the remainder when g is divided by f.
2
Let v be 7/(14/40) + 7. Suppose -2*z - v = -5*z. Calculate the remainder when 50 is divided by z.
5
Suppose -5*v - 82 = -267. Suppose -7 + v = 5*j. Suppose -11*w - 93 = 94 - 275. What is the remainder when w is divided by j?
2
Let a(o) = -o**3 + 6*o**2 - 2*o - 4. Let v = -37 - -41. Suppose v*l - 9 = 11. Calculate the remainder when a(l) is divided by 6.
5
Let p(y) = y**3 + 12*y**2 + 9*y - 4. Let n be p(-10). Let s = -59 + n. Calculate the remainder when s is divided by 47.
0
Let p(r) = 11*r - 177. Let q be p(14). Let k(d) = -d**3 - 23*d**2 - d - 16. Calculate the remainder when 66 is divided by k(q).
3
Let c be (-15)/(((-10)/(-35))/(-2)). Let r be c + (-2 + 1)/1. Let s = r + -28. What is the remainder when s is divided by 16?
12
Suppose 11*s + 17*s - 308 = 0. Suppose -3*y + s*y = 320. Calculate the remainder when 237 is divided by y.
37
Calculate the remainder when 128 is divided by 9/((((-196)/525)/(-14))/((-6)/(-27))).
53
Let x(v) = 45*v - 5020. What is the remainder when 129 is divided by x(112)?
9
Suppose -2*i + 12622 = -5*l, i + 583*l - 6350 = 579*l. Calculate the remainder when i is divided by 15.
11
Suppose -2*x + 3*p = -43, 10*p - 18 = -x + 15*p. Calculate the remainder when 7633 is divided by x.
20
Suppose 3*a + 2*a - 121710 = -5*t, -3*a + 5*t + 73026 = 0. Calculate the remainder when a is divided by 136.
134
Let z = 87 + -86. Let v be (-3)/(-3) + -2 + 2 + z. Suppose -4*y - j + 931 = 0, -235 = 2*y - 3*y + v*j. What is the remainder when y is divided by 39?
38
Let k = -2911 - -2996. What is the remainder when 301 is divided by k?
46
Suppose -3*u = 7*u + 5290. Let v = -514 - u. Calculate the remainder when 164 is divided by v.
14
Suppose -r - 24 = -3*m, -42*r - 17 = -2*m - 41*r. What is the remainder when 356 is divided by m?
6
Suppose -5*a + 4254 = -1996. Calculate the remainder when a is divided by 157.
151
Let b be (-8 - 75/(-9))/((-1)/(-894)). Suppose b = 4*k - 26. Calculate the remainder when k is divided by 15.
6
Suppose -13*f - 11*f = -2*f - 396. Suppose -d + 3*x + 15 = -19, -142 = -5*d + x. Suppose 0 = -3*l - l + d. What is the remainder when f is divided by l?
4
Let g(r) = 4*r + 10. Let u be g(-11). Suppose -66 = -4*c - f + 53, 4*f - 41 = -c. What is the remainder when u*10/(-4) - 0 is divided by c?
27
Suppose -2*r - 2*h = -7854, -15*r + 7848 = -13*r + 5*h. What is the remainder when r is divided by 131?
130
Let j(b) = 18*b - 60. Let c(o) = 143*o - 481. Let m(h) = 5*c(h) - 39*j(h). Calculate the remainder when 218 is divided by m(6).
10
Let l = 5251 + -2162. Calculate the remainder when l is divided by 386.
1
Suppose 3*s - 8 = p - 1, -3*p + 23 = 2*s. Let y = -185 + 188. What is the remainder when y is divided by (1/2)/(1/s)?
1
Let c(b) = -b**3 + 32*b**2 + 288*b - 71. What is the remainder when c(39) is divided by 259?
255
Suppose -58*c + 61*c - 259 = 4*f, 4 = 2*f. Calculate the remainder when 273 is divided by c.
6
Let d(a) = 5*a**2 + 93*a - 2111. What is the remainder when d(36) is divided by 20?
17
Suppose -5*y = -4*y - 77. Let g = y + -73. Suppose 0 = -q - 4*i + 9, -17 = -3*q + 2*i - g*i. Calculate the remainder when 22 is divided by q.
2
What is the remainder when 464 is divided by (9/18*8/16)/(2/1184)?
20
Let m(b) = -b**3 - b**2 - 2*b - 5. Let t be m(-2). Suppose -364 + 103 = -t*i. Calculate the remainder when i is divided by 46.
41
Let m(h) = -h**3 - 8*h**2 - 10*h - 9. Calculate the remainder when (-963)/(-4173) + (-400)/(-13) is divided by m(-7).
7
Let g = -1 - -9. What is the remainder when g is divided by (154/21 - 6)/(0 - 2/(-3))?
0
Let n = -684 + 989. Let f = n + -175. What is the remainder when f is divided by 66?
64
Let k = 168 - 97. Suppose -68*s + 273 = -61*s. Suppose -39 = -3*c - 3*w + 3, 0 = -c + 4*w + s. Wh